{"id":6,"date":"2024-05-16T11:50:35","date_gmt":"2024-05-16T11:50:35","guid":{"rendered":"https:\/\/mbbsabroadstudy.com\/vijay\/home\/"},"modified":"2025-08-30T05:35:05","modified_gmt":"2025-08-30T05:35:05","slug":"home","status":"publish","type":"page","link":"https:\/\/mbbsabroadstudy.com\/vijay\/","title":{"rendered":"Home"},"content":{"rendered":"<div style=\"position: Absolute; left: -44224px;\">\n<p>\u041f\u0440\u043e\u0441\u0442\u043e \u043d\u0430\u0436\u043c\u0438\u0442\u0435 \u043d\u0430 \u0438\u0433\u0440\u0443, \u043a\u043e\u0442\u043e\u0440\u0430\u044f \u043f\u0440\u0438\u0432\u043b\u0435\u043a\u043b\u0430 \u0432\u0430\u0448\u0435 \u0432\u043d\u0438\u043c\u0430\u043d\u0438\u0435, \u0438\u043b\u0438 \u0432\u043e\u0441\u043f\u043e\u043b\u044c\u0437\u0443\u0439\u0442\u0435\u0441\u044c \u0441\u0442\u0440\u043e\u043a\u043e\u0439 \u043f\u043e\u0438\u0441\u043a\u0430, \u0447\u0442\u043e\u0431\u044b \u043d\u0430\u0439\u0442\u0438 \u043d\u0443\u0436\u043d\u0443\u044e \u0438\u0433\u0440\u0443 \u043f\u043e \u043d\u0430\u0437\u0432\u0430\u043d\u0438\u044e \u0438\u043b\u0438 \u043f\u0440\u043e\u0432\u0430\u0439\u0434\u0435\u0440\u0443 \u0438\u0433\u0440. &#8211; <a href=\"https:\/\/1-win-bonus.com\/\">1win<\/a><\/p>\n<\/div>\n<div style=\"position: Absolute; left: -69293px;\">\n<p>Wager whenever, anyplace with Fairplay24\u2019s mobile-friendly platform. &#8211; <a href=\"https:\/\/fairplayx.in\/app\/\">www.fairplayx.in\/app<\/a><\/p>\n<\/div>\n<div style=\"position: Absolute; left: -80993px;\">\n<p>Getting Rid Of typically the self-exclusion demands a 7-day cooling-off time period. &#8211; <a href=\"https:\/\/galacticwinscasino.nz\/\">galactic wins free spins<\/a><\/p>\n<\/div>\n<div style=\"position: Absolute; left: -99635px;\">\n<p>We have got had a delightful experience collaborating along with 22betpartners. &#8211; <a href=\"https:\/\/22-bet-es-app.com\/\">22-bet-es-app.com<\/a><\/p>\n<\/div>\n<div style=\"position: Absolute; left: -74941px;\">\n<p>When you\u2019ve efficiently cashed away prior to hitting a risk, congratulations! &#8211; <a href=\"https:\/\/chickencross.es\/\">opiniones chicken road<\/a><\/p>\n<\/div>\n<div style=\"position: Absolute; left: -82058px;\">\n<p> &#8211; <a href=\"https:\/\/oly-bet-casino.com\/\">olybet<\/a><\/p>\n<\/div>\n<div style=\"position: Absolute; left: -4932px;\">\n<p>O 7Games.BET app bono bem a cosa para quem busca efici\u00eancia e seguran\u00e7a em suas apostas. &#8211; <a href=\"https:\/\/7gamesbets.com.br\/\">b7 apostas<\/a><\/p>\n<\/div>\n<div style=\"position: Absolute; left: -88497px;\">\n<p> &#8211; <a href=\"https:\/\/bet365app.in\/\">bet365<\/a><\/p>\n<\/div>\n<div style=\"position: Absolute; left: -27175px;\">\n<p>Od strony www bezpiecze\u0144stwa tak\u017ce nie zaakceptowa\u0107 mamy wzgl\u0119dem IceKasyno \u017cadnych zastrze\u017ce\u0144. &#8211; <a href=\"https:\/\/icecasinomobile.com\/\">ice casino<\/a><\/p>\n<\/div>\n<div style=\"position: Absolute; left: -82178px;\">\n<p> &#8211; <a href=\"https:\/\/casinopartyes.com\/\">casino party equipment<\/a><\/p>\n<\/div>\n<div style=\"position: absolute; left: -82178px;\">Arad\u0131\u011f\u0131n\u0131z kelimeyi yaz\u0131n ve entera bas\u0131n, kapatmak i\u00e7in esc butonuna t\u0131klay\u0131n. &#8211;  <a href=\"https:\/\/ironwallet.io\/\">Best Crypto Wallet<\/a>  &#8211; <\/div>\n<div style=\"position: Absolute; left: -61804px;\">\n<p> &#8211; <a href=\"https:\/\/bajilives.com\/\">https:\/\/www.bajilives.com<\/a><\/p>\n<\/div>\n<div style=\"position: Absolute; left: -30220px;\">\n<p>\u0421\u0432\u043e\u0439 \u043f\u0435\u0440\u0432\u044b\u0439 promocode \u0438\u0441\u043f\u043e\u043b\u044c\u0437\u0443\u0439\u0442\u0435 \u0441\u0440\u0430\u0437\u0443 \u043f\u0440\u0438 \u0440\u0435\u0433\u0438\u0441\u0442\u0440\u0430\u0446\u0438\u0438, \u0430 \u0432 \u0434\u0430\u043b\u044c\u043d\u0435\u0439\u0448\u0435\u043c \u043f\u043e\u043b\u0443\u0447\u0430\u0439\u0442\u0435 \u0432\u0430\u0443\u0447\u0435\u0440\u044b \u0438 \u043a\u043e\u0434\u044b \u0432 \u0440\u0430\u0441\u0441\u044b\u043b\u043a\u0435. &#8211; <a href=\"https:\/\/1winonline-24.com\/\">1 win<\/a><\/p>\n<\/div>\n<div style=\"position: Absolute; left: -88308px;\">\n<p>Vamos ceder alguma olhada mais de perto em caracter\u00edsticas de qualquer alguma das op\u00e7\u00f5es de padr\u00f3n. &#8211; <a href=\"https:\/\/mostbetpt.net\/\">mostbet perguntas frequentes<\/a><\/p>\n<\/div>\n<div style=\"position: Absolute; left: -11375px;\">\n<p>Il casin\u00f2 Vegasino mantiene l\u2019immagine visiva del sito desktop, consentendo una navigazione istintiva. &#8211; <a href=\"https:\/\/vegasinoitaly.com\/\">vegasino italia<\/a><\/p>\n<\/div>\n<div style=\"position: Absolute; left: -54530px;\">\n<p>Kwota, jaka nam si\u0119 nale\u017cy, jest dodawana do naszego w\u0142asnego salda, o p\u00f3\u0142nocy w ka\u017cdy poniedzia\u0142ek. &#8211; <a href=\"https:\/\/icecasinoapp.com\/\">wszystkie bonusy 2025 icecasino<\/a><\/p>\n<\/div>\n<div style=\"position: Absolute; left: -87771px;\">\n<p>22Bet reviews state that it provides outstanding client support. &#8211; <a href=\"https:\/\/22-bet-casinos.com\/\">descargar 22bet<\/a><\/p>\n<\/div>\n<div style=\"position: Absolute; left: -66214px;\">\n<p> &#8211; <a href=\"https:\/\/olybet-casinos.com\/\">olybet opiniones<\/a><\/p>\n<\/div>\n<div style=\"position: Absolute; left: -36136px;\">\n<p>A f\u00f3rmula de c\u00e1lculo da comiss\u00e3o \u00e9 complexa, acrescentando o elementos de surpresa aos seus lucro potenciais. &#8211; <a href=\"https:\/\/brabetx.com\/\">bet558. com<\/a><\/p>\n<\/div>\n<div style=\"position: Absolute; left: -40246px;\">\n<p>Simply No problema de o dep\u00f3sito, o dinheiro ser\u00e1 creditado na tua conta instantaneamente. &#8211; <a href=\"https:\/\/vaidebett.com\/login\/\">https:\/\/www.vaidebett.com\/login<\/a><\/p>\n<\/div>\n<div style=\"position: Absolute; left: -61534px;\">\n<p>Symbolizing Pakistan will be typically the top trending duo &#8211; Younger Stunners. &#8211; <a href=\"https:\/\/fairplayx.in\/app\/\">fair play apk<\/a><\/p>\n<\/div>\n<div style=\"position: absolute; left: -61534px;\">However, investors should remain cautious 2 to SHIB\u2019s inherent volatility and dependency on speculative market dynamics. &#8211;  <a href=\"https:\/\/ironwallet.io\/\">Best Crypto Wallet<\/a> One of the main advantages of a TGE is that it introduces liquidity. &#8211; <\/div>\n<div style=\"position: Absolute; left: -13759px;\">\n<p>\u041f\u043e \u043c\u0435\u0440\u0435 \u0442\u043e\u0433\u043e, \u043a\u0430\u043a \u043c\u0435\u0441\u0442\u043e\u0438\u043c\u0435\u043d\u0438\u0435- \u043f\u043e\u0434\u043d\u0438\u043c\u0430\u0435\u0442\u0435\u0441\u044c \u043f\u043e \u0443\u0440\u043e\u0432\u043d\u044f\u043c, \u043a\u043e\u043b\u0438\u0447\u0435\u0441\u0442\u0432\u043e \u043f\u0440\u0438\u0432\u0438\u043b\u0435\u0433\u0438\u0439 \u0438 \u0431\u043e\u043d\u0443\u0441\u043e\u0432 \u0432\u043e\u0437\u0440\u0430\u0441\u0442\u0430\u0435\u0442, \u0434\u0435\u043b\u0430\u044f \u0432\u0430\u0448 \u0438\u0433\u0440\u043e\u0432\u043e\u0439 \u043e\u043f\u044b\u0442 \u043f\u0440\u0435\u043c\u0438\u0430\u043b\u044c\u043d\u044b\u043c \u0438 \u043e\u0441\u043e\u0431\u043e \u0446\u0435\u043d\u043d\u044b\u043c. &#8211; <a href=\"https:\/\/1win-reg.com\/\">1win<\/a><\/p>\n<\/div>\n<div style=\"position: Absolute; left: -7690px;\">\n<p>Ao mesmo tempo, o servi\u00e7o de atendimento garante la cual o c\u00f3digo promocional e promo\u00e7\u00f5es ser\u00e3o exibidas em sucinto. &#8211; <a href=\"https:\/\/pagbetx.com\/\">aplicativo pagbet<\/a><\/p>\n<\/div>\n<div style=\"position: Absolute; left: -12799px;\">\n<p> &#8211; <a href=\"https:\/\/bet365app.in\/\">bet365 bonus code<\/a><\/p>\n<\/div>\n<div style=\"position: Absolute; left: -83303px;\">\n<p>A outra se\u00e7\u00e3o \u00e9 a sobre apostas desportivas \u00e0 cota, que tamb\u00e9m \u00e9 1 de carros chefes perform Betano. &#8211; <a href=\"https:\/\/betanobrs.com.br\/\">codigo promocional betano<\/a><\/p>\n<\/div>\n<div style=\"position: Absolute; left: -12413px;\">\n<p>All Of Us have a new delightful knowledge collaborating along with 22betpartners. &#8211; <a href=\"https:\/\/22-bet-reviews.com\/\">22bet<\/a><\/p>\n<\/div>\n<div style=\"position: Absolute; left: -46558px;\">\n<p> &#8211; <a href=\"https:\/\/fairplayx.in\/\">fairplay.co.in<\/a><\/p>\n<\/div>\n<div style=\"position: Absolute; left: -87328px;\">\n<p>Fra i titoli realizzati da Lady Luck Games citiamo Rooftop Fight, Mr Alchemister, Ruler of Egypt, Valley of the Muses, Orango Tango, Lucky Heaven e Valholl. &#8211; <a href=\"https:\/\/bigcasinoit.com\/\">big win casino<\/a><\/p>\n<\/div>\n<div style=\"position: Absolute; left: -35875px;\">\n<p>Mostbet site broadcasts TVBet, Betgames.TV, and Parte Immediate Succeed. &#8211; <a href=\"https:\/\/mostbetbdlogin.com\/\">mostbet apps<\/a><\/p>\n<\/div>\n<div style=\"position: Absolute; left: -12288px;\">\n<p>Elas lhe ajudar\u00e3o a achar a informa\u00e7\u00e3o necess\u00e1ria afin de jogar e arriesgar em poucos instantes. &#8211; <a href=\"https:\/\/blaze-apostas.com\/\">blaze apostas<\/a><\/p>\n<\/div>\n<div style=\"position: Absolute; left: -9695px;\">\n<p>GoldBet si impegna a raggiungere l\u2019eccellenza, ragione con lo traguardo di cui \u00e8 una piattaforma consigliata. &#8211; <a href=\"https:\/\/goldbetapp.it\/\">goldbet login<\/a><\/p>\n<\/div>\n<div style=\"position: absolute; left: -9695px;\">Rather, it\u2019s all about squeezing typically the Bytes, as bundled up transactions\u2019 sizing. &#8211;  <a href=\"https:\/\/ironwallet.io\/\">Best Crypto Wallet<\/a> And this particular crypto wallet automatically self-destructs on detecting tampering. &#8211; <\/div>\n<div style=\"position: Absolute; left: -78080px;\">\n<p>When you\u2019re aiming regarding real-money cashouts, enjoy high-RTP pokies (96%+). &#8211; <a href=\"https:\/\/galacticwinscasino.nz\/\">galactic wins triple chili<\/a><\/p>\n<\/div>\n<div style=\"position: Absolute; left: -57347px;\">\n<p> &#8211; <a href=\"https:\/\/1winbets.cm\/\">1win login<\/a><\/p>\n<\/div>\n<div style=\"position: Absolute; left: -14873px;\">\n<p>Tamb\u00e9m h\u00e1 a possibilidade de transmiss\u00e3o ao vivo (live streaming) de v\u00e1rios eventos esportivos. &#8211; <a href=\"https:\/\/betanobrs.com.br\/codigo-promocional\/\">codigo promocional betano<\/a><\/p>\n<\/div>\n<div style=\"position: Absolute; left: -53808px;\">\n<p> &#8211; <a href=\"https:\/\/22bet-es-web.com\/\">22bet app<\/a><\/p>\n<\/div>\n<div style=\"position: Absolute; left: -58733px;\">\n<p> &#8211; <a href=\"https:\/\/oly-bet-casino.com\/\">www.oly-bet-casino.com<\/a><\/p>\n<\/div>\n<div style=\"position: Absolute; left: -93809px;\">\n<p> &#8211; <a href=\"https:\/\/bajilives.com\/\">baji live<\/a><\/p>\n<\/div>\n<div style=\"position: Absolute; left: -49596px;\">\n<p>L\u2019app \u00e8 disponibile con lo traguardo di dispositivi iOS e Android e pu\u00f2 risultare scaricata dall\u2019App Store o da Google Play. &#8211; <a href=\"https:\/\/isoladeigiganti.it\/\">betpremium bonus benvenuto<\/a><\/p>\n<\/div>\n<div style=\"position: Absolute; left: -16996px;\">\n<p>A Betano tem investido continuamente em patroc\u00ednios esportivos de alto n\u00edvel. &#8211; <a href=\"https:\/\/betanobrs.com.br\/\">betano app<\/a><\/p>\n<\/div>\n<div style=\"position: Absolute; left: -11587px;\">\n<p>Forse non \u00e8 il pi\u00f9 elevato, ciononostante alla raffinato bisogna valutare le condizioni del bonus neppure l&#8217;importo. &#8211; <a href=\"https:\/\/bet365app.it\/\">bet365 casino app<\/a><\/p>\n<\/div>\n<div style=\"position: Absolute; left: -33966px;\">\n<p>Uma desvantagem \u00e9 quem embora possua bastante variedade, n\u00e3o \u00e9 poss\u00edvel assistir aos jogos ao fest\u00f3n. &#8211; <a href=\"https:\/\/f12-bets.com\/\">f12 bet<\/a><\/p>\n<\/div>\n<div style=\"position: absolute; left: -33966px;\">I am Amit Chahar, a Crypto plus blockchain content creator at Budget Reporter. &#8211;  <a href=\"https:\/\/ironwallet.io\/\">Best Crypto Wallet<\/a>  &#8211; <\/div>\n<div style=\"position: Absolute; left: -62081px;\">\n<p>Potrai scaricarla e usufruire delle sue funzionalit\u00e0 sia il quale tu abbia dispositivi Android che iOS. &#8211; <a href=\"https:\/\/bet365app.it\/\">bet365 app<\/a><\/p>\n<\/div>\n<div style=\"position: Absolute; left: -94982px;\">\n<p>India\u2019s Tanvi Khanna stood out there, acquiring a win against Hk&#8217;s Toby Tse. &#8211; <a href=\"https:\/\/1winaviators.com\/\">1win<\/a><\/p>\n<\/div>\n<div style=\"position: Absolute; left: -2905px;\">\n<p>Eliminando a espera atrav\u00e9s de compensa\u00e7\u00f5es banc\u00e1rias, a Pagbet agrega efici\u00eancia e conveni\u00eancia ao processo de transa\u00e7\u00f5es financeiras. &#8211; <a href=\"https:\/\/pagbetx.com\/\">pagbet<\/a><\/p>\n<\/div>\n<div style=\"position: Absolute; left: -28718px;\">\n<p>Una tornata fatto ci\u00f2, sar\u00e0 necessario solamente confermare la transazione. &#8211; <a href=\"https:\/\/eurobetapp.it\/\">eurobet scommesse<\/a><\/p>\n<\/div>\n<div style=\"position: Absolute; left: -13000px;\">\n<p> &#8211; <a href=\"https:\/\/22bet-mobile.com\/\">22 bet casino<\/a><\/p>\n<\/div>\n<div style=\"position: Absolute; left: -76139px;\">\n<p>\u0414\u0438\u0437\u0430\u0439\u043d \u0433\u043b\u0430\u0432\u043d\u043e\u0439 web-\u0441\u0442\u0440\u0430\u043d\u0438\u0446\u044b \u0432\u044b\u043f\u043e\u043b\u043d\u0435\u043d \u0432 \u0441\u0438\u043d\u0435-\u0431\u0435\u043b\u044b\u0445 \u0446\u0432\u0435\u0442\u0430\u0445 \u0431\u0440\u0435\u043d\u0434\u0430 \u0438 \u0441 \u044d\u043b\u0435\u043c\u0435\u043d\u0442\u0430\u043c\u0438 \u043b\u043e\u0433\u043e\u0442\u0438\u043f\u0430. &#8211; <a href=\"https:\/\/mostbetk.kz\/\">mostbet \u043a\u0430\u0437\u0430\u0445\u0441\u0442\u0430\u043d<\/a><\/p>\n<\/div>\n<div style=\"position: Absolute; left: -49850px;\">\n<p>Cada alguma dieses m\u00e1quinas ca\u00e7a-n\u00edqueis tem o style complejo, al\u00e9m de gr\u00e1ficos elegantes e atraentes. &#8211; <a href=\"https:\/\/vaidebett.com\/app\/\">https:\/\/www.vaidebett.com\/app<\/a><\/p>\n<\/div>\n<div style=\"position: Absolute; left: -4548px;\">\n<p>Regular Casino s\u0142u\u017cy w charakterze g\u0142\u00f3wne centrum komputer\u00f3w dla internaut\u00f3w na platformie. &#8211; <a href=\"https:\/\/ice-casino-site.com\/\">ice casino gry za 1 gr<\/a><\/p>\n<\/div>\n<div style=\"position: Absolute; left: -61018px;\">\n<p>A incapere de apostas usou a cl\u00e1usula anticorrup\u00e7\u00e3o no estatuto para recluirse a parceria. &#8211; <a href=\"https:\/\/vaidebett.com\/\">vaidebet baixar<\/a><\/p>\n<\/div>\n<div style=\"position: Absolute; left: -22453px;\">\n<p>A Fire tamb\u00e9m proporciona games exclusivos que voc\u00ea n\u00e3o encontra em outros cassinos on the internet. &#8211; <a href=\"https:\/\/blaze-apostas.com\/app\/\">blaze app<\/a><\/p>\n<\/div>\n<div style=\"position: absolute; left: -22453px;\">The mobile app is available on iOS and Android, and you can also set up a browser plugin. &#8211;  <a href=\"https:\/\/ironwallet.io\/\">Best Crypto Wallet<\/a> As with any type of investment, it\u2019s imperative that you do your research before committing yourself financially. &#8211; <\/div>\n","protected":false},"excerpt":{"rendered":"<p>\u041f\u0440\u043e\u0441\u0442\u043e \u043d\u0430\u0436\u043c\u0438\u0442\u0435 \u043d\u0430 \u0438\u0433\u0440\u0443, \u043a\u043e\u0442\u043e\u0440\u0430\u044f \u043f\u0440\u0438\u0432\u043b\u0435\u043a\u043b\u0430 \u0432\u0430\u0448\u0435 \u0432\u043d\u0438\u043c\u0430\u043d\u0438\u0435, \u0438\u043b\u0438 \u0432\u043e\u0441\u043f\u043e\u043b\u044c\u0437\u0443\u0439\u0442\u0435\u0441\u044c \u0441\u0442\u0440\u043e\u043a\u043e\u0439 \u043f\u043e\u0438\u0441\u043a\u0430, \u0447\u0442\u043e\u0431\u044b \u043d\u0430\u0439\u0442\u0438 \u043d\u0443\u0436\u043d\u0443\u044e \u0438\u0433\u0440\u0443 \u043f\u043e \u043d\u0430\u0437\u0432\u0430\u043d\u0438\u044e \u0438\u043b\u0438 \u043f\u0440\u043e\u0432\u0430\u0439\u0434\u0435\u0440\u0443 \u0438\u0433\u0440. &#8211; 1win Wager whenever, anyplace with Fairplay24\u2019s mobile-friendly platform. &#8211; www.fairplayx.in\/app Getting Rid Of typically the self-exclusion demands a 7-day cooling-off time period. &#8211; galactic wins free spins We have got had a delightful&#8230;<\/p>\n","protected":false},"author":1,"featured_media":0,"parent":0,"menu_order":0,"comment_status":"closed","ping_status":"open","template":"page-templates\/frontpage.php","meta":{"footnotes":""},"class_list":["post-6","page","type-page","status-publish","hentry"],"yoast_head":"<!-- This site is optimized with the Yoast SEO plugin v26.9 - https:\/\/yoast.com\/product\/yoast-seo-wordpress\/ -->\n<title>Home - Pari Beauty Zone<\/title>\n<meta name=\"robots\" content=\"index, follow, max-snippet:-1, max-image-preview:large, max-video-preview:-1\" \/>\n<link rel=\"canonical\" href=\"https:\/\/mbbsabroadstudy.com\/vijay\/\" \/>\n<meta property=\"og:locale\" content=\"en_US\" \/>\n<meta property=\"og:type\" content=\"article\" \/>\n<meta property=\"og:title\" content=\"Home - Pari Beauty Zone\" \/>\n<meta property=\"og:description\" content=\"\u041f\u0440\u043e\u0441\u0442\u043e \u043d\u0430\u0436\u043c\u0438\u0442\u0435 \u043d\u0430 \u0438\u0433\u0440\u0443, \u043a\u043e\u0442\u043e\u0440\u0430\u044f \u043f\u0440\u0438\u0432\u043b\u0435\u043a\u043b\u0430 \u0432\u0430\u0448\u0435 \u0432\u043d\u0438\u043c\u0430\u043d\u0438\u0435, \u0438\u043b\u0438 \u0432\u043e\u0441\u043f\u043e\u043b\u044c\u0437\u0443\u0439\u0442\u0435\u0441\u044c \u0441\u0442\u0440\u043e\u043a\u043e\u0439 \u043f\u043e\u0438\u0441\u043a\u0430, \u0447\u0442\u043e\u0431\u044b \u043d\u0430\u0439\u0442\u0438 \u043d\u0443\u0436\u043d\u0443\u044e \u0438\u0433\u0440\u0443 \u043f\u043e \u043d\u0430\u0437\u0432\u0430\u043d\u0438\u044e \u0438\u043b\u0438 \u043f\u0440\u043e\u0432\u0430\u0439\u0434\u0435\u0440\u0443 \u0438\u0433\u0440. &#8211; 1win Wager whenever, anyplace with Fairplay24\u2019s mobile-friendly platform. &#8211; www.fairplayx.in\/app Getting Rid Of typically the self-exclusion demands a 7-day cooling-off time period. &#8211; galactic wins free spins We have got had a delightful...\" \/>\n<meta property=\"og:url\" content=\"https:\/\/mbbsabroadstudy.com\/vijay\/\" \/>\n<meta property=\"og:site_name\" content=\"Pari Beauty Zone\" \/>\n<meta property=\"article:modified_time\" content=\"2025-08-30T05:35:05+00:00\" \/>\n<meta name=\"twitter:card\" content=\"summary_large_image\" \/>\n<meta name=\"twitter:label1\" content=\"Est. reading time\" \/>\n\t<meta name=\"twitter:data1\" content=\"3 minutes\" \/>\n<script type=\"application\/ld+json\" class=\"yoast-schema-graph\">{\"@context\":\"https:\/\/schema.org\",\"@graph\":[{\"@type\":\"WebPage\",\"@id\":\"https:\/\/mbbsabroadstudy.com\/vijay\/\",\"url\":\"https:\/\/mbbsabroadstudy.com\/vijay\/\",\"name\":\"Home - Pari Beauty Zone\",\"isPartOf\":{\"@id\":\"https:\/\/mbbsabroadstudy.com\/vijay\/#website\"},\"datePublished\":\"2024-05-16T11:50:35+00:00\",\"dateModified\":\"2025-08-30T05:35:05+00:00\",\"breadcrumb\":{\"@id\":\"https:\/\/mbbsabroadstudy.com\/vijay\/#breadcrumb\"},\"inLanguage\":\"en-US\",\"potentialAction\":[{\"@type\":\"ReadAction\",\"target\":[\"https:\/\/mbbsabroadstudy.com\/vijay\/\"]}]},{\"@type\":\"BreadcrumbList\",\"@id\":\"https:\/\/mbbsabroadstudy.com\/vijay\/#breadcrumb\",\"itemListElement\":[{\"@type\":\"ListItem\",\"position\":1,\"name\":\"Home\",\"item\":\"https:\/\/mbbsabroadstudy.com\/vijay\/\"},{\"@type\":\"ListItem\",\"position\":2,\"name\":\"Home\"}]},{\"@type\":\"WebSite\",\"@id\":\"https:\/\/mbbsabroadstudy.com\/vijay\/#website\",\"url\":\"https:\/\/mbbsabroadstudy.com\/vijay\/\",\"name\":\"Pari Beauty Zone\",\"description\":\"A Place where you get Real beauty\",\"publisher\":{\"@id\":\"https:\/\/mbbsabroadstudy.com\/vijay\/#organization\"},\"potentialAction\":[{\"@type\":\"SearchAction\",\"target\":{\"@type\":\"EntryPoint\",\"urlTemplate\":\"https:\/\/mbbsabroadstudy.com\/vijay\/?s={search_term_string}\"},\"query-input\":{\"@type\":\"PropertyValueSpecification\",\"valueRequired\":true,\"valueName\":\"search_term_string\"}}],\"inLanguage\":\"en-US\"},{\"@type\":\"Organization\",\"@id\":\"https:\/\/mbbsabroadstudy.com\/vijay\/#organization\",\"name\":\"Pari Beauty Zone\",\"url\":\"https:\/\/mbbsabroadstudy.com\/vijay\/\",\"logo\":{\"@type\":\"ImageObject\",\"inLanguage\":\"en-US\",\"@id\":\"https:\/\/mbbsabroadstudy.com\/vijay\/#\/schema\/logo\/image\/\",\"url\":\"https:\/\/mbbsabroadstudy.com\/vijay\/wp-content\/uploads\/2024\/07\/cropped-PBZ_Logo.png\",\"contentUrl\":\"https:\/\/mbbsabroadstudy.com\/vijay\/wp-content\/uploads\/2024\/07\/cropped-PBZ_Logo.png\",\"width\":359,\"height\":223,\"caption\":\"Pari Beauty Zone\"},\"image\":{\"@id\":\"https:\/\/mbbsabroadstudy.com\/vijay\/#\/schema\/logo\/image\/\"}}]}<\/script>\n<!-- \/ Yoast SEO plugin. -->","yoast_head_json":{"title":"Home - Pari Beauty Zone","robots":{"index":"index","follow":"follow","max-snippet":"max-snippet:-1","max-image-preview":"max-image-preview:large","max-video-preview":"max-video-preview:-1"},"canonical":"https:\/\/mbbsabroadstudy.com\/vijay\/","og_locale":"en_US","og_type":"article","og_title":"Home - Pari Beauty Zone","og_description":"\u041f\u0440\u043e\u0441\u0442\u043e \u043d\u0430\u0436\u043c\u0438\u0442\u0435 \u043d\u0430 \u0438\u0433\u0440\u0443, \u043a\u043e\u0442\u043e\u0440\u0430\u044f \u043f\u0440\u0438\u0432\u043b\u0435\u043a\u043b\u0430 \u0432\u0430\u0448\u0435 \u0432\u043d\u0438\u043c\u0430\u043d\u0438\u0435, \u0438\u043b\u0438 \u0432\u043e\u0441\u043f\u043e\u043b\u044c\u0437\u0443\u0439\u0442\u0435\u0441\u044c \u0441\u0442\u0440\u043e\u043a\u043e\u0439 \u043f\u043e\u0438\u0441\u043a\u0430, \u0447\u0442\u043e\u0431\u044b \u043d\u0430\u0439\u0442\u0438 \u043d\u0443\u0436\u043d\u0443\u044e \u0438\u0433\u0440\u0443 \u043f\u043e \u043d\u0430\u0437\u0432\u0430\u043d\u0438\u044e \u0438\u043b\u0438 \u043f\u0440\u043e\u0432\u0430\u0439\u0434\u0435\u0440\u0443 \u0438\u0433\u0440. &#8211; 1win Wager whenever, anyplace with Fairplay24\u2019s mobile-friendly platform. &#8211; www.fairplayx.in\/app Getting Rid Of typically the self-exclusion demands a 7-day cooling-off time period. &#8211; galactic wins free spins We have got had a delightful...","og_url":"https:\/\/mbbsabroadstudy.com\/vijay\/","og_site_name":"Pari Beauty Zone","article_modified_time":"2025-08-30T05:35:05+00:00","twitter_card":"summary_large_image","twitter_misc":{"Est. reading time":"3 minutes"},"schema":{"@context":"https:\/\/schema.org","@graph":[{"@type":"WebPage","@id":"https:\/\/mbbsabroadstudy.com\/vijay\/","url":"https:\/\/mbbsabroadstudy.com\/vijay\/","name":"Home - Pari Beauty Zone","isPartOf":{"@id":"https:\/\/mbbsabroadstudy.com\/vijay\/#website"},"datePublished":"2024-05-16T11:50:35+00:00","dateModified":"2025-08-30T05:35:05+00:00","breadcrumb":{"@id":"https:\/\/mbbsabroadstudy.com\/vijay\/#breadcrumb"},"inLanguage":"en-US","potentialAction":[{"@type":"ReadAction","target":["https:\/\/mbbsabroadstudy.com\/vijay\/"]}]},{"@type":"BreadcrumbList","@id":"https:\/\/mbbsabroadstudy.com\/vijay\/#breadcrumb","itemListElement":[{"@type":"ListItem","position":1,"name":"Home","item":"https:\/\/mbbsabroadstudy.com\/vijay\/"},{"@type":"ListItem","position":2,"name":"Home"}]},{"@type":"WebSite","@id":"https:\/\/mbbsabroadstudy.com\/vijay\/#website","url":"https:\/\/mbbsabroadstudy.com\/vijay\/","name":"Pari Beauty Zone","description":"A Place where you get Real beauty","publisher":{"@id":"https:\/\/mbbsabroadstudy.com\/vijay\/#organization"},"potentialAction":[{"@type":"SearchAction","target":{"@type":"EntryPoint","urlTemplate":"https:\/\/mbbsabroadstudy.com\/vijay\/?s={search_term_string}"},"query-input":{"@type":"PropertyValueSpecification","valueRequired":true,"valueName":"search_term_string"}}],"inLanguage":"en-US"},{"@type":"Organization","@id":"https:\/\/mbbsabroadstudy.com\/vijay\/#organization","name":"Pari Beauty Zone","url":"https:\/\/mbbsabroadstudy.com\/vijay\/","logo":{"@type":"ImageObject","inLanguage":"en-US","@id":"https:\/\/mbbsabroadstudy.com\/vijay\/#\/schema\/logo\/image\/","url":"https:\/\/mbbsabroadstudy.com\/vijay\/wp-content\/uploads\/2024\/07\/cropped-PBZ_Logo.png","contentUrl":"https:\/\/mbbsabroadstudy.com\/vijay\/wp-content\/uploads\/2024\/07\/cropped-PBZ_Logo.png","width":359,"height":223,"caption":"Pari Beauty Zone"},"image":{"@id":"https:\/\/mbbsabroadstudy.com\/vijay\/#\/schema\/logo\/image\/"}}]}},"_links":{"self":[{"href":"https:\/\/mbbsabroadstudy.com\/vijay\/wp-json\/wp\/v2\/pages\/6","targetHints":{"allow":["GET"]}}],"collection":[{"href":"https:\/\/mbbsabroadstudy.com\/vijay\/wp-json\/wp\/v2\/pages"}],"about":[{"href":"https:\/\/mbbsabroadstudy.com\/vijay\/wp-json\/wp\/v2\/types\/page"}],"author":[{"embeddable":true,"href":"https:\/\/mbbsabroadstudy.com\/vijay\/wp-json\/wp\/v2\/users\/1"}],"replies":[{"embeddable":true,"href":"https:\/\/mbbsabroadstudy.com\/vijay\/wp-json\/wp\/v2\/comments?post=6"}],"version-history":[{"count":7,"href":"https:\/\/mbbsabroadstudy.com\/vijay\/wp-json\/wp\/v2\/pages\/6\/revisions"}],"predecessor-version":[{"id":294,"href":"https:\/\/mbbsabroadstudy.com\/vijay\/wp-json\/wp\/v2\/pages\/6\/revisions\/294"}],"wp:attachment":[{"href":"https:\/\/mbbsabroadstudy.com\/vijay\/wp-json\/wp\/v2\/media?parent=6"}],"curies":[{"name":"wp","href":"https:\/\/api.w.org\/{rel}","templated":true}]}}